 - -31. What is the highest common divisor of d and f?
6
Let w be 3/(-4) - 6/(-8). Suppose -3*x + x + 40 = w. Let j = 53 - x. What is the greatest common factor of 11 and j?
11
Let h = 34 - -1. Let p(l) = l**2 + 7*l - 13. Let i be p(-9). What is the greatest common divisor of i and h?
5
Let k be 13/(3 + (-5)/2). What is the greatest common factor of k and 234?
26
Suppose -3*a + 30 - 12 = 0. Suppose -2*i + a = -10. Calculate the greatest common divisor of 32 and i.
8
Let u be 8202/12 + (-2)/(-4). Suppose 4*b + 0*x + x = u, -x - 171 = -b. Calculate the greatest common divisor of 19 and b.
19
Let o(q) = q + 6. Let a be o(-11). Let k be (-70)/4*(3 + a). What is the greatest common divisor of 14 and k?
7
Let y be 56/(-6)*(-2 + -1). Let q be y/(-6)*36/(-7). Calculate the greatest common divisor of q and 8.
8
Let g = -30 + 54. What is the greatest common factor of 72 and g?
24
Let p = -81 - -91. What is the greatest common factor of p and 90?
10
Suppose -2*b = -5*b. Suppose -5*j - 2 + 37 = b. Calculate the greatest common factor of 14 and j.
7
Suppose -2*q + 12 = o - 0*q, o = 5*q - 16. Suppose 0 = 3*g - 0 + 3. Let v be 4/((-1)/(-2 + g)). Calculate the greatest common divisor of v and o.
4
Let k = 38 + -21. Let s = -48 + 116. Suppose 0 = 4*h + s - 680. What is the highest common factor of h and k?
17
Let t be -2 + (-1 - -13*4). What is the highest common divisor of t and 245?
49
Suppose 4*o - 4 = -h + 42, 4*o = 3*h + 54. Suppose 0 = 3*p - 6. Suppose p*r - 93 = 123. Calculate the greatest common factor of o and r.
12
Suppose 3*d = 21 - 9. Calculate the greatest common factor of 28 and d.
4
Let p(s) be the third derivative of 0*s**3 + 0 - 3*s**2 - 1/2*s**4 + 0*s. Let d be p(-2). Calculate the greatest common divisor of d and 16.
8
Let x = 22 + -39. Suppose -4*f + 188 = -4*g, 6 = f + 2*f. Let s = x - g. What is the highest common divisor of s and 14?
14
Let j = -33 + 20. Let t = 24 + j. Suppose u - 4*u - r + 163 = 0, 5*u + 2*r - 271 = 0. Calculate the highest common divisor of t and u.
11
Let x(b) = -b. Let i be x(-4). Suppose 4 = -i*p, -2*g - 20 = -4*g + 2*p. What is the greatest common factor of 63 and g?
9
Let t be (-1)/4 - (8 - (-74)/(-8)). What is the greatest common factor of 3 and t?
1
Let g(y) = -y**3 + 7*y**2 + 2*y - 4. Let s be g(7). Suppose 30 + s = 2*a. Calculate the highest common factor of a and 30.
10
Let s(w) be the first derivative of -3*w**2/2 - 3*w + 7. Let m be s(-4). Calculate the greatest common divisor of 63 and m.
9
Let h(m) = -32*m + 32*m + 6 - 7*m**2 - m**3. Let a be h(-8). Suppose 0 = 4*i + 5*r - 112, r = -i - 0*r + 28. What is the greatest common divisor of i and a?
14
Let a = 8 + -19. Let r(j) = -j + 7. Let v be r(a). Calculate the greatest common factor of v and 27.
9
Suppose -y = 3*w - 7, -2*y - 3*y - 4 = 2*w. Let u(k) = -k + 1. Let r be u(0). Let z = w + r. What is the greatest common factor of 1 and z?
1
Let y be -3 + 3 + 3 - 0. Let p be y + 4 - (1 + 1). Calculate the highest common divisor of p and 55.
5
Suppose -2*u = -3*h + 101, -h - 4*u + 18 = -25. What is the greatest common divisor of h and 21?
7
Let z = 2 - -1. Let k(g) = 12*g + 3. Let p be k(1). What is the greatest common factor of z and p?
3
Suppose -3*g + 36 = 2*i - 38, -5*g + 4*i = -116. Calculate the highest common divisor of g and 8.
8
Let y = 55 + 33. What is the greatest common divisor of 132 and y?
44
Let z be (-36)/45*(-1 - 9). Calculate the greatest common factor of z and 8.
8
Suppose 22 - 10 = i. Calculate the highest common divisor of 9 and i.
3
Let a = -186 + 301. Suppose -3*f + a + 154 = -p, 3*p - 5*f = -791. Let y = 400 + p. What is the highest common factor of 13 and y?
13
Let o(f) = 2*f**2 - 3*f + 2. Let y be o(2). Suppose -y*v + 2*v + 8 = 2*q, 4*q - v - 16 = 0. Let b = q - 1. Calculate the greatest common factor of b and 3.
3
Suppose 0 = 7*o - 12 - 149. Calculate the greatest common divisor of o and 46.
23
Let b be (-1 + 2)*2*1. Suppose -b*p + 10 = 5*r, -2*r + 16 = -p + 3. Suppose -r*c = -c - 12. What is the highest common factor of c and 12?
4
Let c be 6/10 + 724/10. Let l = -33 + c. What is the greatest common factor of 20 and l?
20
Let q(b) = -b**3 + 5*b**2 + 9*b - 1. Let g be q(6). Let z = -10 + g. What is the highest common factor of z and 77?
7
Suppose 0*g = 3*g + 456. Let d = g + 61. Let z = -49 - d. Calculate the highest common factor of z and 6.
6
Suppose s = 2*k + 23, -2*k - 32 = -s - 3*s. Let n = k + 13. What is the greatest common divisor of n and 3?
3
Let t(y) = -3*y**2 + 0*y + 5*y**2 - y. Let w be 3/5 - (-10)/25. Let j be t(w). What is the greatest common divisor of j and 3?
1
Let d be (-140)/(-1*2/2). Let f be (-28)/((-25)/20*(-4)/(-10)). Calculate the highest common divisor of f and d.
28
Let m(k) = k + 88. Let h be m(-43). Let b = 10 - -5. What is the greatest common divisor of b and h?
15
Let d(l) = l + 5. Let m be d(-5). Suppose q + m*q = 15. Let u be 5/q - 526/(-6). Calculate the greatest common divisor of 11 and u.
11
Suppose 17 = -0*d + d. What is the highest common factor of d and 119?
17
Let n = 556 - 395. Let o = -40 + n. Calculate the highest common divisor of 11 and o.
11
Suppose -1 = h - 2, -3*h + 73 = 5*k. Calculate the greatest common factor of 126 and k.
14
Let b = 148 + -233. Let c(p) = -8*p**2 + p. Let d be c(2). Let u = d - b. Calculate the highest common factor of u and 11.
11
Suppose -5*b = -113 - 62. Suppose -18*t - b = -23*t. What is the highest common factor of t and 21?
7
Let k = 1 - -1. Let r(m) = m**2 - m - 4. Let g be r(3). What is the highest common factor of k and g?
2
Let j(o) = -o**3 - o**2 + 17. Let m be j(0). Calculate the highest common factor of 119 and m.
17
Suppose 6*o - o + s - 15 = 0, 2*o + 5*s + 17 = 0. Let t = 18 - o. What is the highest common factor of t and 112?
14
Let x(o) = o**2 - o - 1. Let j be x(-1). Let f be (3 + 9)/1 + j. Let b be -1 - 26/(-2) - -1. Calculate the highest common divisor of b and f.
13
Suppose 3*x + 3*n - 18 = 0, -3*n = -5*x + 20 + 10. Suppose -4*l = -120 - 0. What is the greatest common factor of l and x?
6
Suppose 0 = -d + a + 6, -4*a + 19 = 7. Calculate the highest common factor of 3 and d.
3
Let x = 11 + 6. Let b(u) = u**3 - 2*u**2 - u + 119. Let r be b(0). Calculate the greatest common divisor of r and x.
17
Suppose 79*g - 75*g = 84. What is the greatest common factor of g and 6?
3
Let h(v) = -v**3 + 5*v**2 - 3*v - 3. Let r be h(3). Let d be 63/r*424/3. Let z be d/49 + 4/(-14). What is the greatest common factor of 20 and z?
10
Let g(j) = 7*j**2 - 2*j + 4. Let q be g(4). Let n(o) = 2*o**3 + 2*o - 1. Let f be n(1). Let l be 10 + 4/6*f. Calculate the greatest common factor of l and q.
12
Let z(f) = -5*f + 15. Let s be z(-3). Calculate the greatest common divisor of s and 10.
10
Let n = 3 + 7. Let x be (-92)/(-20) - (-4)/n. Suppose -2*a + m + 77 = 0, 3*m - 90 - 39 = -3*a. What is the greatest common divisor of x and a?
5
Suppose 5*b - 11 = -3*d, -3*b - b + 10 = 2*d. What is the greatest common factor of 28 and b?
4
Let p(b) = 108*b. Let g = -11 + 12. Let i be p(g). Calculate the highest common factor of 18 and i.
18
Let k(r) = 8*r + 24. Let p be k(6). Calculate the highest common divisor of p and 8.
8
Let n(s) = -s**3 - 2*s**2 - 2*s - 7. Let o be n(-3). Let q be 2/4 - 30/(-4). Calculate the greatest common divisor of o and q.
8
Suppose 0 = -3*b - 2*g + 28, -5*b + 20 = g - 22. Calculate the greatest common factor of 64 and b.
8
Let q be ((-1)/1 - -3)*(-6 + 9). Suppose -3*z + 6*z = 90. Calculate the highest common factor of q and z.
6
Let g be (-129)/(2 + -5) - 1. Suppose 64 = 5*f - 2*n, -4*f + n - 4*n = -g. What is the greatest common factor of 108 and f?
12
Suppose m + 3*m = 300. Let k = m - -2. Calculate the highest common divisor of 7 and k.
7
Suppose -p + 3*b = -7, -5*p - 2*b - 3*b = -55. Let r = 14 - p. Suppose c = 4*j + 17, -3*j - 85 = -5*c - r*j. Calculate the greatest common divisor of 187 and c.
17
Suppose 10*j = 12*j - 130. Let u(o) = -4*o - 11. Let h be u(-6). What is the greatest common divisor of h and j?
13
Let x(p) = -5*p**2 + 2*p + 1. Let h(d) = d + 6. Let y be h(-7). Let i be x(y). Let k be i*(3 - (-44)/(-6)). Calculate the highest common divisor of k and 39.
13
Suppose 328 = -3*w + 1537. Calculate the highest common divisor of w and 13.
13
S